{"id":414,"date":"2018-02-25T23:07:10","date_gmt":"2018-02-25T22:07:10","guid":{"rendered":"http:\/\/www.voskresinnia.home.pl\/Lviv_theatre\/?page_id=414"},"modified":"2023-01-17T13:47:14","modified_gmt":"2023-01-17T12:47:14","slug":"pociag-do-lwowa","status":"publish","type":"page","link":"https:\/\/voskresinnia.eu\/index.php\/spektakle\/ulica\/pociag-do-lwowa\/","title":{"rendered":"Poci\u0105g do Lwowa"},"content":{"rendered":"\n<h2 class=\"wp-block-heading\"><\/h2>\n\n\n\n<figure class=\"wp-block-image size-full\"><img loading=\"lazy\" decoding=\"async\" width=\"1200\" height=\"536\" src=\"https:\/\/voskresinnia.eu\/wp-content\/uploads\/2023\/01\/Pociag_do_Lwowa_baner-1.jpg\" alt=\"\" class=\"wp-image-6569\" srcset=\"https:\/\/voskresinnia.eu\/wp-content\/uploads\/2023\/01\/Pociag_do_Lwowa_baner-1.jpg 1200w, https:\/\/voskresinnia.eu\/wp-content\/uploads\/2023\/01\/Pociag_do_Lwowa_baner-1-300x134.jpg 300w, https:\/\/voskresinnia.eu\/wp-content\/uploads\/2023\/01\/Pociag_do_Lwowa_baner-1-768x343.jpg 768w\" sizes=\"auto, (max-width: 1200px) 100vw, 1200px\" \/><\/figure>\n\n\n\n<p><\/p>\n\n\n\n<p>Scenariusz i re\u017cyseria <strong>Jaros\u0142aw Fedoryszyn<br><\/strong>Dekoracja i kostiumy<strong> Alla Fedoryshyna<\/strong><\/p>\n\n\n\n<p class=\"has-luminous-vivid-orange-color has-text-color has-background\" style=\"background-color:#f7e8ba\">Aktorzy:<br><strong>Natalia \u0141ukaszonok, Natalia Marczak, Tatiana Tkaczenko, Galina Strychak\/ Vira Tsihatska, Wo\u0142odymir Czuchonkin, Jurij Pylypchukpczuk, Wolodymir Shorobura, Wo\u0142odymir Gubanow (zas\u0142u\u017cony artysta Ukrainy), Petro Mykytiuk (zas\u0142u\u017cony artysta Ukrainy), Taras Yurychko, Oleksandr Chekmarov.<br><\/strong>Swiat\u0142o:<strong> Evgenij Petrow \/ Krzysztof Dubiel. D\u017awi\u0119k Myko\u0142a Kshanowski<\/strong>y<\/p>\n\n\n\n<p>Spektakl muzyczny utrzymany w klimacie lat 30. XX stulecia jest oparty na historiach opowiedzianych w piosenkach lwowskiej ulicy: <em>Tylko we Lwowie, Wszystkie rybki \u015bpi\u0105 w jeziorze,<br>Hulaj duszo<\/em> i inne. Komediowe sceny wzbogacone o sceny taneczne i popisy wokalne s\u0105 dla aktor\u00f3w teatru Woskresinnia pretekstem do ukazania bogactwa kulturowego przedwojennego Lwowa, pe\u0142nego nie tylko muzyki,, dawnych lwowskich piosenek i ta\u0144c\u00f3w, ale tak\u017ce kuglarskich wyst\u0119p\u00f3w i przyk\u0142ad\u00f3w rozwijaj\u0105cej si\u0119 fotografii i kinematografii. Prezentowane humorystyczne obrazy wywo\u0142uj\u0105 u\u015bmiech Widz\u00f3w m\u0142odych i doros\u0142ych.<br><em>Czas trwania spektaklu ca 60 minut<\/em><\/p>\n\n\n\n\n\n<h2 class=\"wp-block-heading\">\r\n\t\t\t\t\t\n\r\n\t\t\t\t\t<!-- START UNITE GALLERY 1.7.62 -->\r\n\t\t\t\t\t\r\n\t\t\t\t\n\t\t\t<div id='unitegallery_2_1' class='unite-gallery' style='margin:0px auto;'>\n\t\t\t\t\n\n\t\t\t\t\t\t<img decoding=\"async\" alt=\"Lwow_001\"\n\t\t\t\t\t\t     src=\"\" data-image=\"https:\/\/voskresinnia.eu\/wp-content\/uploads\/2018\/11\/Lwow_001.jpg\"\n\t\t\t\t\t\t     data-thumb=\"https:\/\/voskresinnia.eu\/wp-content\/uploads\/2018\/11\/Lwow_001-300x200.jpg\"\n\t\t\t\t\t\t     title=\"\"\n\t\t\t\t\t\t     style=\"display:none\">\n\n\t\t\t\t\t\t<img decoding=\"async\" alt=\"Lwow_003\"\n\t\t\t\t\t\t     src=\"\" data-image=\"https:\/\/voskresinnia.eu\/wp-content\/uploads\/2018\/11\/Lwow_003.jpg\"\n\t\t\t\t\t\t     data-thumb=\"https:\/\/voskresinnia.eu\/wp-content\/uploads\/2018\/11\/Lwow_003-300x200.jpg\"\n\t\t\t\t\t\t     title=\"\"\n\t\t\t\t\t\t     style=\"display:none\">\n\n\t\t\t\t\t\t<img decoding=\"async\" alt=\"Lwow_007\"\n\t\t\t\t\t\t     src=\"\" data-image=\"https:\/\/voskresinnia.eu\/wp-content\/uploads\/2018\/11\/Lwow_007.jpg\"\n\t\t\t\t\t\t     data-thumb=\"https:\/\/voskresinnia.eu\/wp-content\/uploads\/2018\/11\/Lwow_007-300x200.jpg\"\n\t\t\t\t\t\t     title=\"\"\n\t\t\t\t\t\t     style=\"display:none\">\n\n\t\t\t\t\t\t<img decoding=\"async\" alt=\"Lwow_008\"\n\t\t\t\t\t\t     src=\"\" data-image=\"https:\/\/voskresinnia.eu\/wp-content\/uploads\/2018\/11\/Lwow_008.jpg\"\n\t\t\t\t\t\t     data-thumb=\"https:\/\/voskresinnia.eu\/wp-content\/uploads\/2018\/11\/Lwow_008-300x200.jpg\"\n\t\t\t\t\t\t     title=\"\"\n\t\t\t\t\t\t     style=\"display:none\">\n\n\t\t\t\t\t\t<img decoding=\"async\" alt=\"Lwow_009\"\n\t\t\t\t\t\t     src=\"\" data-image=\"https:\/\/voskresinnia.eu\/wp-content\/uploads\/2018\/11\/Lwow_009.jpg\"\n\t\t\t\t\t\t     data-thumb=\"https:\/\/voskresinnia.eu\/wp-content\/uploads\/2018\/11\/Lwow_009-300x200.jpg\"\n\t\t\t\t\t\t     title=\"\"\n\t\t\t\t\t\t     style=\"display:none\">\n\n\t\t\t\t\t\t<img decoding=\"async\" alt=\"Lwow_011\"\n\t\t\t\t\t\t     src=\"\" data-image=\"https:\/\/voskresinnia.eu\/wp-content\/uploads\/2018\/11\/Lwow_011.jpg\"\n\t\t\t\t\t\t     data-thumb=\"https:\/\/voskresinnia.eu\/wp-content\/uploads\/2018\/11\/Lwow_011-300x200.jpg\"\n\t\t\t\t\t\t     title=\"\"\n\t\t\t\t\t\t     style=\"display:none\">\n\n\t\t\t\t\t\t<img decoding=\"async\" alt=\"Lwow_012\"\n\t\t\t\t\t\t     src=\"\" data-image=\"https:\/\/voskresinnia.eu\/wp-content\/uploads\/2018\/11\/Lwow_012-1.jpg\"\n\t\t\t\t\t\t     data-thumb=\"https:\/\/voskresinnia.eu\/wp-content\/uploads\/2018\/11\/Lwow_012-1-300x200.jpg\"\n\t\t\t\t\t\t     title=\"\"\n\t\t\t\t\t\t     style=\"display:none\">\n\n\t\t\t\t\t\t<img decoding=\"async\" alt=\"Pociag_do_Lwowa_001\"\n\t\t\t\t\t\t     src=\"\" data-image=\"https:\/\/voskresinnia.eu\/wp-content\/uploads\/2018\/11\/Pociag_do_Lwowa_001.jpg\"\n\t\t\t\t\t\t     data-thumb=\"https:\/\/voskresinnia.eu\/wp-content\/uploads\/2018\/11\/Pociag_do_Lwowa_001-300x200.jpg\"\n\t\t\t\t\t\t     title=\"\"\n\t\t\t\t\t\t     style=\"display:none\">\n\t\t\t<\/div>\n\n\t\t\t<script type='text\/javascript'>\n\t\t\t\twindow.onload = function(e) {\n\t\t\t\t\tif(typeof ugCheckForErrors == \"undefined\"){\n\t\t\t\t\t\tdocument.getElementById(\"unitegallery_2_1\").innerHTML = \"<span style='color:red'>Unite Gallery Error - gallery js and css files not included in the footer. Please make sure that wp_footer() function is added to your theme.<\/span>\";}\n\t\t\t\t\telse{ ugCheckForErrors(\"unitegallery_2_1\", \"jquery\");}\n\t\t\t\t};\n\t\t\t<\/script>\n\n\t\t\t<!-- END UNITEGALLERY --><\/h2>\n","protected":false},"excerpt":{"rendered":"<p>Scenariusz i re\u017cyseria Jaros\u0142aw FedoryszynDekoracja i kostiumy Alla Fedoryshyna Aktorzy:Natalia \u0141ukaszonok, Natalia Marczak, Tatiana Tkaczenko, Galina Strychak\/ Vira Tsihatska, Wo\u0142odymir Czuchonkin, Jurij Pylypchukpczuk, Wolodymir Shorobura, Wo\u0142odymir Gubanow (zas\u0142u\u017cony artysta Ukrainy), Petro Mykytiuk (zas\u0142u\u017cony artysta Ukrainy), Taras Yurychko, Oleksandr Chekmarov.Swiat\u0142o: Evgenij Petrow \/ Krzysztof Dubiel. D\u017awi\u0119k Myko\u0142a Kshanowskiy Spektakl muzyczny utrzymany w klimacie lat 30. XX <a class=\"more-link\" href=\"https:\/\/voskresinnia.eu\/index.php\/spektakle\/ulica\/pociag-do-lwowa\/\">Read More &#8230;<\/a><\/p>\n","protected":false},"author":1,"featured_media":0,"parent":412,"menu_order":0,"comment_status":"closed","ping_status":"closed","template":"","meta":{"_monsterinsights_skip_tracking":false,"_monsterinsights_sitenote_active":false,"_monsterinsights_sitenote_note":"","_monsterinsights_sitenote_category":0,"ngg_post_thumbnail":0,"__cvm_playback_settings":[],"__cvm_video_id":"","footnotes":""},"class_list":["post-414","page","type-page","status-publish","hentry"],"aioseo_notices":[],"_links":{"self":[{"href":"https:\/\/voskresinnia.eu\/index.php\/wp-json\/wp\/v2\/pages\/414","targetHints":{"allow":["GET"]}}],"collection":[{"href":"https:\/\/voskresinnia.eu\/index.php\/wp-json\/wp\/v2\/pages"}],"about":[{"href":"https:\/\/voskresinnia.eu\/index.php\/wp-json\/wp\/v2\/types\/page"}],"author":[{"embeddable":true,"href":"https:\/\/voskresinnia.eu\/index.php\/wp-json\/wp\/v2\/users\/1"}],"replies":[{"embeddable":true,"href":"https:\/\/voskresinnia.eu\/index.php\/wp-json\/wp\/v2\/comments?post=414"}],"version-history":[{"count":15,"href":"https:\/\/voskresinnia.eu\/index.php\/wp-json\/wp\/v2\/pages\/414\/revisions"}],"predecessor-version":[{"id":6573,"href":"https:\/\/voskresinnia.eu\/index.php\/wp-json\/wp\/v2\/pages\/414\/revisions\/6573"}],"up":[{"embeddable":true,"href":"https:\/\/voskresinnia.eu\/index.php\/wp-json\/wp\/v2\/pages\/412"}],"wp:attachment":[{"href":"https:\/\/voskresinnia.eu\/index.php\/wp-json\/wp\/v2\/media?parent=414"}],"curies":[{"name":"wp","href":"https:\/\/api.w.org\/{rel}","templated":true}]}}